{"id":348,"date":"2013-11-22T11:59:20","date_gmt":"2013-11-22T10:59:20","guid":{"rendered":"http:\/\/www.elevage-bovin-mauvinieres.fr\/?page_id=348"},"modified":"2014-09-12T14:56:18","modified_gmt":"2014-09-12T13:56:18","slug":"historique","status":"publish","type":"page","link":"https:\/\/www.elevage-bovin-mauvinieres.fr\/?page_id=348","title":{"rendered":"Historique"},"content":{"rendered":"<div style=\"padding-bottom:20px; padding-top:10px;\" class=\"hupso-share-buttons\"><!-- Hupso Share Buttons - https:\/\/www.hupso.com\/share\/ --><a class=\"hupso_toolbar\" href=\"https:\/\/www.hupso.com\/share\/\"><img decoding=\"async\" src=\"https:\/\/static.hupso.com\/share\/buttons\/lang\/fr\/share-small.png\" style=\"border:0px; padding-top: 5px; float:left;\" alt=\"Share Button\"\/><\/a><script type=\"text\/javascript\">var hupso_services_t=new Array(\"Twitter\",\"Facebook\",\"Google Plus\",\"Linkedin\",\"Email\",\"Print\");var hupso_background_t=\"#EAF4FF\";var hupso_border_t=\"#66CCFF\";var hupso_toolbar_size_t=\"small\";var hupso_image_folder_url = \"\";var hupso_url_t=\"\";var hupso_title_t=\"Historique\";<\/script><script type=\"text\/javascript\" src=\"https:\/\/static.hupso.com\/share\/js\/share_toolbar.js\"><\/script><!-- Hupso Share Buttons --><\/div><h3><\/h3>\n<p style=\"text-align: center;\">Comme ses parents, Jacques a repris l\u2019exploitation\u00a0familiale.<\/p>\n<p style=\"text-align: center;\">En\u00a01996, son fils, Thierry s\u2019est install\u00e9 avec lui en GAEC .<\/p>\n<p style=\"text-align: center;\">C\u2019est depuis cette association entre Jacques et Thierry, que le choix s&rsquo;est port\u00e9 sur\u00a0la race Blonde d\u2019Aquitaine.<\/p>\n<p style=\"text-align: center;\">Puis 2010, Jacques a pris sa retraite tout en continuant d&rsquo;apporter son savoir faire.<\/p>\n<p style=\"text-align: center;\">B\u00e9atrice, l&rsquo;\u00e9pouse de Thierry, s&rsquo;est install\u00e9e en 2012 en GAEC.<\/p>\n<p style=\"text-align: center;\">Notre exploitation se situe sur trois communes : Vieilles Maisons, Coudroy et Lorris.<\/p>\n<div style=\"text-align: center;\">\n<dl id=\"attachment_170\">\n<dt><a href=\"http:\/\/www.elevage-bovin-mauvinieres.fr\/wp-content\/uploads\/2012\/11\/eglise-Vieilles-Maisons.jpg\"><img loading=\"lazy\" decoding=\"async\" title=\"eglise Vieilles Maisons\" src=\"http:\/\/www.elevage-bovin-mauvinieres.fr\/wp-content\/uploads\/2012\/11\/eglise-Vieilles-Maisons.jpg\" alt=\"Eglise Vieilles Maisons\" width=\"350\" height=\"263\" \/><\/a><\/dt>\n<dd>\u00c9glise de Vieilles Maisons<\/dd>\n<\/dl>\n<\/div>\n<p style=\"text-align: center;\">\n","protected":false},"excerpt":{"rendered":"<p>Comme ses parents, Jacques a repris l\u2019exploitation\u00a0familiale. En\u00a01996, son fils, Thierry s\u2019est install\u00e9 avec lui en GAEC . C\u2019est depuis cette association entre Jacques et Thierry, que le choix s&rsquo;est port\u00e9 sur\u00a0la race Blonde d\u2019Aquitaine. Puis 2010, Jacques a pris sa retraite tout en continuant d&rsquo;apporter son savoir faire. B\u00e9atrice, l&rsquo;\u00e9pouse de Thierry, s&rsquo;est install\u00e9e &hellip; <a href=\"https:\/\/www.elevage-bovin-mauvinieres.fr\/?page_id=348\" class=\"more-link\">Continuer la lecture de <span class=\"screen-reader-text\">Historique<\/span>  <span class=\"meta-nav\">&rarr;<\/span><\/a><\/p>\n","protected":false},"author":1,"featured_media":0,"parent":125,"menu_order":1,"comment_status":"closed","ping_status":"closed","template":"","meta":{"_monsterinsights_skip_tracking":false,"_monsterinsights_sitenote_active":false,"_monsterinsights_sitenote_note":"","_monsterinsights_sitenote_category":0,"ngg_post_thumbnail":0,"footnotes":""},"class_list":["post-348","page","type-page","status-publish","hentry"],"_links":{"self":[{"href":"https:\/\/www.elevage-bovin-mauvinieres.fr\/index.php?rest_route=\/wp\/v2\/pages\/348","targetHints":{"allow":["GET"]}}],"collection":[{"href":"https:\/\/www.elevage-bovin-mauvinieres.fr\/index.php?rest_route=\/wp\/v2\/pages"}],"about":[{"href":"https:\/\/www.elevage-bovin-mauvinieres.fr\/index.php?rest_route=\/wp\/v2\/types\/page"}],"author":[{"embeddable":true,"href":"https:\/\/www.elevage-bovin-mauvinieres.fr\/index.php?rest_route=\/wp\/v2\/users\/1"}],"replies":[{"embeddable":true,"href":"https:\/\/www.elevage-bovin-mauvinieres.fr\/index.php?rest_route=%2Fwp%2Fv2%2Fcomments&post=348"}],"version-history":[{"count":8,"href":"https:\/\/www.elevage-bovin-mauvinieres.fr\/index.php?rest_route=\/wp\/v2\/pages\/348\/revisions"}],"predecessor-version":[{"id":495,"href":"https:\/\/www.elevage-bovin-mauvinieres.fr\/index.php?rest_route=\/wp\/v2\/pages\/348\/revisions\/495"}],"up":[{"embeddable":true,"href":"https:\/\/www.elevage-bovin-mauvinieres.fr\/index.php?rest_route=\/wp\/v2\/pages\/125"}],"wp:attachment":[{"href":"https:\/\/www.elevage-bovin-mauvinieres.fr\/index.php?rest_route=%2Fwp%2Fv2%2Fmedia&parent=348"}],"curies":[{"name":"wp","href":"https:\/\/api.w.org\/{rel}","templated":true}]}}