{"id":4,"date":"2012-10-02T10:30:31","date_gmt":"2012-10-02T09:30:31","guid":{"rendered":"http:\/\/www.elevage-bovin-mauvinieres.fr\/?page_id=4"},"modified":"2025-01-21T10:02:13","modified_gmt":"2025-01-21T09:02:13","slug":"accueil","status":"publish","type":"page","link":"https:\/\/www.elevage-bovin-mauvinieres.fr\/","title":{"rendered":"Accueil"},"content":{"rendered":"<div style=\"padding-bottom:20px; padding-top:10px;\" class=\"hupso-share-buttons\"><!-- Hupso Share Buttons - https:\/\/www.hupso.com\/share\/ --><a class=\"hupso_toolbar\" href=\"https:\/\/www.hupso.com\/share\/\"><img decoding=\"async\" src=\"https:\/\/static.hupso.com\/share\/buttons\/lang\/fr\/share-small.png\" style=\"border:0px; padding-top: 5px; float:left;\" alt=\"Share Button\"\/><\/a><script type=\"text\/javascript\">var hupso_services_t=new Array(\"Twitter\",\"Facebook\",\"Google Plus\",\"Linkedin\",\"Email\",\"Print\");var hupso_background_t=\"#EAF4FF\";var hupso_border_t=\"#66CCFF\";var hupso_toolbar_size_t=\"small\";var hupso_image_folder_url = \"\";var hupso_url_t=\"\";var hupso_title_t=\"Accueil\";<\/script><script type=\"text\/javascript\" src=\"https:\/\/static.hupso.com\/share\/js\/share_toolbar.js\"><\/script><!-- Hupso Share Buttons --><\/div><p>LE GO\u00dbT DU TERROIR POUR TOUTE LA FAMILLE<\/p>\n<h6>Vous pouvez r\u00e9server en ligne vos colis :&nbsp;<\/h6>\n<h6>Si vous \u00e9crivez dans la barre de recherche \u00ab\u00a0Ma boutique fermi\u00e8re Les Mauvini\u00e8res\u00a0\u00bb, vous acc\u00e9derez au site de commande en ligne.<\/h6>\n<h6>https:\/\/www.maboutiquefermiere.fr\/lesmauvinieres<\/h6>\n<p>&nbsp;<\/p>\n<p>La Ferme des <strong>Mauvini\u00e8res<\/strong> vous propose en <strong>vente directe de la viande <\/strong>de <strong>b\u0153uf<\/strong> et de <strong>veau ros\u00e9<\/strong> sous la m\u00e8re en caissettes.<\/p>\n<figure id=\"attachment_98\" aria-describedby=\"caption-attachment-98\" style=\"width: 350px\" class=\"wp-caption aligncenter\"><a href=\"http:\/\/www.elevage-bovin-mauvinieres.fr\/wp-content\/uploads\/2012\/10\/Ferme-des-Mauvini\u00e8res.jpg\"><img loading=\"lazy\" decoding=\"async\" class=\"size-full wp-image-98\" src=\"http:\/\/www.elevage-bovin-mauvinieres.fr\/wp-content\/uploads\/2012\/10\/Ferme-des-Mauvini\u00e8res.jpg\" alt=\"Vente \u00e0 la ferme\" width=\"350\" height=\"227\" srcset=\"https:\/\/www.elevage-bovin-mauvinieres.fr\/wp-content\/uploads\/2012\/10\/Ferme-des-Mauvini\u00e8res.jpg 350w, https:\/\/www.elevage-bovin-mauvinieres.fr\/wp-content\/uploads\/2012\/10\/Ferme-des-Mauvini\u00e8res-300x194.jpg 300w\" sizes=\"auto, (max-width: 350px) 100vw, 350px\" \/><\/a><figcaption id=\"caption-attachment-98\" class=\"wp-caption-text\">Vente \u00e0 la ferme<\/figcaption><\/figure>\n<p>Situ\u00e9e en lisi\u00e8re de la <a href=\"http:\/\/www.loire-et-foret.com\/plan-site.html\" target=\"_blank\" rel=\"noopener\">for\u00eat d\u2019Orl\u00e9ans<\/a> entre Sologne et G\u00e2tinais \u00e0 150 kms de Paris, cette exploitation appartient \u00e0 une famille d\u2019\u00e9leveurs depuis 4&nbsp;g\u00e9n\u00e9rations. Organis\u00e9e en GAEC depuis 1996, elle s\u2019est sp\u00e9cialis\u00e9e dans l\u2019\u00e9levage de <strong>Blonde d\u2019aquitaine<\/strong>.<\/p>\n<p>Tous nos colis sont pr\u00e9par\u00e9s par un artisan boucher qui garantit la qualit\u00e9 des produits que nous vous proposons.<\/p>\n<p>Entre information et d\u00e9couverte de nos services, nous vous souhaitons une bonne visite sur notre site.<\/p>\n\n\n<div class=\"wp-block-media-text alignwide is-stacked-on-mobile\"><figure class=\"wp-block-media-text__media\"><img loading=\"lazy\" decoding=\"async\" width=\"1024\" height=\"998\" src=\"http:\/\/www.elevage-bovin-mauvinieres.fr\/wp-content\/uploads\/2021\/12\/Logo_CduCentre-RVB.png-1024x998.png\" alt=\"\" class=\"wp-image-766 size-full\" srcset=\"https:\/\/www.elevage-bovin-mauvinieres.fr\/wp-content\/uploads\/2021\/12\/Logo_CduCentre-RVB.png-1024x998.png 1024w, https:\/\/www.elevage-bovin-mauvinieres.fr\/wp-content\/uploads\/2021\/12\/Logo_CduCentre-RVB.png-300x292.png 300w, https:\/\/www.elevage-bovin-mauvinieres.fr\/wp-content\/uploads\/2021\/12\/Logo_CduCentre-RVB.png-768x749.png 768w, https:\/\/www.elevage-bovin-mauvinieres.fr\/wp-content\/uploads\/2021\/12\/Logo_CduCentre-RVB.png-250x244.png 250w, https:\/\/www.elevage-bovin-mauvinieres.fr\/wp-content\/uploads\/2021\/12\/Logo_CduCentre-RVB.png.png 1076w\" sizes=\"auto, (max-width: 1024px) 100vw, 1024px\" \/><\/figure><div class=\"wp-block-media-text__content\">\n<p class=\"has-large-font-size\"><\/p>\n<\/div><\/div>\n","protected":false},"excerpt":{"rendered":"<p>LE GO\u00dbT DU TERROIR POUR TOUTE LA FAMILLE Vous pouvez r\u00e9server en ligne vos colis :&nbsp; Si vous \u00e9crivez dans la barre de recherche \u00ab\u00a0Ma boutique fermi\u00e8re Les Mauvini\u00e8res\u00a0\u00bb, vous acc\u00e9derez au site de commande en ligne. https:\/\/www.maboutiquefermiere.fr\/lesmauvinieres &nbsp; La Ferme des Mauvini\u00e8res vous propose en vente directe de la viande de b\u0153uf et de &hellip; <a href=\"https:\/\/www.elevage-bovin-mauvinieres.fr\/\" class=\"more-link\">Continuer la lecture de <span class=\"screen-reader-text\">Accueil<\/span>  <span class=\"meta-nav\">&rarr;<\/span><\/a><\/p>\n","protected":false},"author":1,"featured_media":430,"parent":0,"menu_order":1,"comment_status":"closed","ping_status":"closed","template":"","meta":{"_monsterinsights_skip_tracking":false,"_monsterinsights_sitenote_active":false,"_monsterinsights_sitenote_note":"","_monsterinsights_sitenote_category":0,"ngg_post_thumbnail":0,"footnotes":""},"class_list":["post-4","page","type-page","status-publish","has-post-thumbnail","hentry"],"_links":{"self":[{"href":"https:\/\/www.elevage-bovin-mauvinieres.fr\/index.php?rest_route=\/wp\/v2\/pages\/4","targetHints":{"allow":["GET"]}}],"collection":[{"href":"https:\/\/www.elevage-bovin-mauvinieres.fr\/index.php?rest_route=\/wp\/v2\/pages"}],"about":[{"href":"https:\/\/www.elevage-bovin-mauvinieres.fr\/index.php?rest_route=\/wp\/v2\/types\/page"}],"author":[{"embeddable":true,"href":"https:\/\/www.elevage-bovin-mauvinieres.fr\/index.php?rest_route=\/wp\/v2\/users\/1"}],"replies":[{"embeddable":true,"href":"https:\/\/www.elevage-bovin-mauvinieres.fr\/index.php?rest_route=%2Fwp%2Fv2%2Fcomments&post=4"}],"version-history":[{"count":53,"href":"https:\/\/www.elevage-bovin-mauvinieres.fr\/index.php?rest_route=\/wp\/v2\/pages\/4\/revisions"}],"predecessor-version":[{"id":852,"href":"https:\/\/www.elevage-bovin-mauvinieres.fr\/index.php?rest_route=\/wp\/v2\/pages\/4\/revisions\/852"}],"wp:featuredmedia":[{"embeddable":true,"href":"https:\/\/www.elevage-bovin-mauvinieres.fr\/index.php?rest_route=\/wp\/v2\/media\/430"}],"wp:attachment":[{"href":"https:\/\/www.elevage-bovin-mauvinieres.fr\/index.php?rest_route=%2Fwp%2Fv2%2Fmedia&parent=4"}],"curies":[{"name":"wp","href":"https:\/\/api.w.org\/{rel}","templated":true}]}}